{"id":36,"date":"2019-09-26T08:55:05","date_gmt":"2019-09-26T08:55:05","guid":{"rendered":"https:\/\/monornt.reformatus.hu\/wordpress\/?page_id=36"},"modified":"2021-10-12T09:00:40","modified_gmt":"2021-10-12T09:00:40","slug":"alkalmaink","status":"publish","type":"page","link":"https:\/\/monornt.reformatus.hu\/index.php\/alkalmaink\/","title":{"rendered":"Alkalmaink"},"content":{"rendered":"\n<figure class=\"wp-block-table\"><table><tbody><tr><td><strong>Vas\u00e1rnap<\/strong><\/td><td>9 \u00f3ra<\/td><td>Imak\u00f6z\u00f6ss\u00e9g<\/td><\/tr><tr><td><\/td><td>10 \u00f3ra<\/td><td>Istentisztelet feln\u0151ttek \u00e9s gyermekek sz\u00e1m\u00e1ra<\/td><\/tr><tr><td><\/td><td>18 \u00f3ra<\/td><td>Keresztk\u00e9rd\u00e9sek<\/td><\/tr><tr><td><strong>Kedd<\/strong><\/td><td>15:30<\/td><td>Kisk\u00e1t\u00e9<\/td><\/tr><tr><td><strong>Szerda<\/strong><\/td><td>16 \u00f3ra<\/td><td>Nagyk\u00e1t\u00e9<\/td><\/tr><tr><td><\/td><td>18 \u00f3ra<\/td><td>Biblia\u00f3ra (t\u00e9len 17 \u00f3ra)<\/td><\/tr><tr><td><\/td><td>18 \u00f3ra<\/td><td>K\u00f3ruspr\u00f3ba<\/td><\/tr><tr><td><strong>Cs\u00fct\u00f6rt\u00f6k<\/strong><\/td><td>11:00<\/td><td>Baba-mama k\u00f6r (p\u00e1ros h\u00e9ten)<\/td><\/tr><tr><td><\/td><td>18 \u00f3ra<\/td><td>Cs\u00fct\u00f6rt\u00f6ki \u00f3ra<\/td><\/tr><tr><td><strong>P\u00e9ntek<\/strong><\/td><td>18 \u00f3ra<\/td><td>Kisifi (14-16 \u00e9ves koroszt\u00e1ly)<\/td><\/tr><tr><td><\/td><td>18 \u00f3ra<\/td><td>Ifi (17 \u00e9ves kort\u00f3l)<\/td><\/tr><tr><td><strong>Szombat<\/strong><\/td><td>14 \u00f3ra<\/td><td>Cserk\u00e9szet<\/td><\/tr><\/tbody><\/table><\/figure>\n\n\n\n<p>Minden vas\u00e1rnap az istentisztelet el\u0151tt 9 \u00f3r\u00e1t\u00f3l&nbsp;<strong>ima\u00f3r\u00e1t tartunk<\/strong>&nbsp;a lelkigondoz\u00f3i szob\u00e1ban. &nbsp;&nbsp;<\/p>\n\n\n\n<p><em><strong>Minden vas\u00e1rnap de 10:00 \u00f3r\u00e1t\u00f3l tartunk Istentiszteletet feln\u0151ttek \u00e9s gyermekek sz\u00e1m\u00e1ra<\/strong> <\/em> <strong style=\"\"><i>5 korcsoportban<\/i><\/strong>.<em> <\/em><\/p>\n\n\n\n<p>A gy\u00fclekezet eg\u00e9sz\u00e9t egybekapcsol\u00f3 alkalom. A csal\u00e1dok egy\u00fctt\u00a0 \u00e9rkezhetnek. a legkisebbekt\u0151l a legnagyobbakik. N\u00e9gy \u00e9ves korig beadhatj\u00e1k a gyermekeiket a gyermekmeg\u0151rz\u0151 szolg\u00e1lathoz, ahol egyenes ad\u00e1sban lehet telev\u00edzi\u00f3n k\u00f6vetni a templomi istentiszteletetet. Anyuk\u00e1k, nagymam\u00e1k, gyermekgondoz\u00f3k, fiatalok 2-3 f\u0151s csapata vigy\u00e1z a kicsinyekre, j\u00e1tszik vel\u00fck, am\u00edg a feln\u0151ttek a templomban vannak. H\u00e1rom korcsoportban tartunk gyermekistentiszteletet ugyanebben az id\u0151pontban: \u00f3vod\u00e1sok \u00e9s 1. oszt\u00e1lyosok, als\u00f3sok \u00e9s fels\u0151s\u00f6k csoportjainak.<\/p>\n\n\n\n<p>Arra \u00f6szt\u00f6n\u00f6zz\u00fck gy\u00fclekezeti tagjainkat, hogy a k\u00f6zponti istentiszteleten k\u00edv\u00fcl is keressen mindenki egy gy\u00fclekezeti csoportot, ahol otthon \u00e9rzi mag\u00e1t.&nbsp;<\/p>\n\n\n\n<p><\/p>\n","protected":false},"excerpt":{"rendered":"<p>Vas\u00e1rnap 9 \u00f3ra Imak\u00f6z\u00f6ss\u00e9g 10 \u00f3ra Istentisztelet feln\u0151ttek \u00e9s gyermekek sz\u00e1m\u00e1ra 18 \u00f3ra Keresztk\u00e9rd\u00e9sek Kedd 15:30 Kisk\u00e1t\u00e9 Szerda 16 \u00f3ra Nagyk\u00e1t\u00e9 18 \u00f3ra Biblia\u00f3ra (t\u00e9len 17 \u00f3ra) 18 \u00f3ra K\u00f3ruspr\u00f3ba Cs\u00fct\u00f6rt\u00f6k 11:00 Baba-mama k\u00f6r (p\u00e1ros h\u00e9ten) 18 \u00f3ra Cs\u00fct\u00f6rt\u00f6ki \u00f3ra P\u00e9ntek 18 \u00f3ra Kisifi (14-16 \u00e9ves koroszt\u00e1ly) 18 \u00f3ra Ifi (17 \u00e9ves kort\u00f3l) Szombat 14 &#8230; <span class=\"more\"><a class=\"more-link\" href=\"https:\/\/monornt.reformatus.hu\/index.php\/alkalmaink\/\">[Read more&#8230;]<\/a><\/span><\/p>\n","protected":false},"author":1,"featured_media":0,"parent":0,"menu_order":0,"comment_status":"closed","ping_status":"closed","template":"","meta":{"_monsterinsights_skip_tracking":false,"_monsterinsights_sitenote_active":false,"_monsterinsights_sitenote_note":"","_monsterinsights_sitenote_category":0,"footnotes":""},"class_list":["entry","page","publish","author-monornt","post-36"],"jetpack_sharing_enabled":true,"_links":{"self":[{"href":"https:\/\/monornt.reformatus.hu\/index.php\/wp-json\/wp\/v2\/pages\/36","targetHints":{"allow":["GET"]}}],"collection":[{"href":"https:\/\/monornt.reformatus.hu\/index.php\/wp-json\/wp\/v2\/pages"}],"about":[{"href":"https:\/\/monornt.reformatus.hu\/index.php\/wp-json\/wp\/v2\/types\/page"}],"author":[{"embeddable":true,"href":"https:\/\/monornt.reformatus.hu\/index.php\/wp-json\/wp\/v2\/users\/1"}],"replies":[{"embeddable":true,"href":"https:\/\/monornt.reformatus.hu\/index.php\/wp-json\/wp\/v2\/comments?post=36"}],"version-history":[{"count":8,"href":"https:\/\/monornt.reformatus.hu\/index.php\/wp-json\/wp\/v2\/pages\/36\/revisions"}],"predecessor-version":[{"id":387,"href":"https:\/\/monornt.reformatus.hu\/index.php\/wp-json\/wp\/v2\/pages\/36\/revisions\/387"}],"wp:attachment":[{"href":"https:\/\/monornt.reformatus.hu\/index.php\/wp-json\/wp\/v2\/media?parent=36"}],"curies":[{"name":"wp","href":"https:\/\/api.w.org\/{rel}","templated":true}]}}

<figure class="wp-block-table"><table><tbody><tr><td><strong>Vasárnap</strong></td><td>9 óra</td><td>Imaközösség</td></tr><tr><td></td><td>10 óra</td><td>Istentisztelet felnőttek és gyermekek számára</td></tr><tr><td></td><td>18 óra</td><td>Keresztkérdések</td></tr><tr><td><strong>Kedd</strong></td><td>15:30</td><td>Kiskáté</td></tr><tr><td><strong>Szerda</strong></td><td>16 óra</td><td>Nagykáté</td></tr><tr><td></td><td>18 óra</td><td>Bibliaóra (télen 17 óra)</td></tr><tr><td></td><td>18 óra</td><td>Kóruspróba</td></tr><tr><td><strong>Csütörtök</strong></td><td>11:00</td><td>Baba-mama kör (páros héten)</td></tr><tr><td></td><td>18 óra</td><td>Csütörtöki óra</td></tr><tr><td><strong>Péntek</strong></td><td>18 óra</td><td>Kisifi (14-16 éves korosztály)</td></tr><tr><td></td><td>18 óra</td><td>Ifi (17 éves kortól)</td></tr><tr><td><strong>Szombat</strong></td><td>14 óra</td><td>Cserkészet</td></tr></tbody></table></figure>



<p>Minden vasárnap az istentisztelet előtt 9 órától&nbsp;<strong>imaórát tartunk</strong>&nbsp;a lelkigondozói szobában. &nbsp;&nbsp;</p>



<p><em><strong>Minden vasárnap de 10:00 órától tartunk Istentiszteletet felnőttek és gyermekek számára</strong> </em> <strong style=""><i>5 korcsoportban</i></strong>.<em> </em></p>



<p>A gyülekezet egészét egybekapcsoló alkalom. A családok együtt  érkezhetnek. a legkisebbektől a legnagyobbakik. Négy éves korig beadhatják a gyermekeiket a gyermekmegőrző szolgálathoz, ahol egyenes adásban lehet televízión követni a templomi istentiszteletetet. Anyukák, nagymamák, gyermekgondozók, fiatalok 2-3 fős csapata vigyáz a kicsinyekre, játszik velük, amíg a felnőttek a templomban vannak. Három korcsoportban tartunk gyermekistentiszteletet ugyanebben az időpontban: óvodások és 1. osztályosok, alsósok és felsősök csoportjainak.</p>



<p>Arra ösztönözzük gyülekezeti tagjainkat, hogy a központi istentiszteleten kívül is keressen mindenki egy gyülekezeti csoportot, ahol otthon érzi magát.&nbsp;</p>



<p></p>

<p>Vasárnap 9 óra Imaközösség 10 óra Istentisztelet felnőttek és gyermekek számára 18 óra Keresztkérdések Kedd 15:30 Kiskáté Szerda 16 óra Nagykáté 18 óra Bibliaóra (télen 17 óra) 18 óra Kóruspróba Csütörtök 11:00 Baba-mama kör (páros héten) 18 óra Csütörtöki óra Péntek 18 óra Kisifi (14-16 éves korosztály) 18 óra Ifi (17 éves kortól) Szombat 14 &#8230; <span class="more"><a class="more-link" href="https://monornt.reformatus.hu/index.php/alkalmaink/">[Read more&#8230;]</a></span></p>
