{"id":258,"date":"2021-02-09T07:38:01","date_gmt":"2021-02-09T07:38:01","guid":{"rendered":"https:\/\/monornt.reformatus.hu\/wordpress\/?page_id=258"},"modified":"2022-01-24T19:38:34","modified_gmt":"2022-01-24T19:38:34","slug":"cserkeszet","status":"publish","type":"page","link":"https:\/\/monornt.reformatus.hu\/index.php\/cserkeszet\/","title":{"rendered":"Cserk\u00e9szet"},"content":{"rendered":"\n<p class=\"has-black-color has-text-color\"><strong>842.sz Benedek Elek cserk\u00e9szcsapat<\/strong><\/p>\n\n\n\n<p class=\"has-black-color has-text-color\">Csapatunk 1989-ben Somogyi Dezs\u0151 Andr\u00e1s mentor\u00e1l\u00e1s\u00e1val \u00e9s Guly\u00e1s L\u00e1szl\u00f3 lelkip\u00e1sztor b\u00edztat\u00e1s\u00e1ra \u00fajra alak\u00edtottuk a monori reform\u00e1tus cserk\u00e9szcsapatot. Mint ifj\u00fa presbiter, Laci b\u00e1csit\u00f3l kaptam a feladatot, hogy mint parancsnok alak\u00edtsam meg \u00e9s vezessem a csapatot.<\/p>\n\n\n\n<p class=\"has-black-color has-text-color\">Az akkori tan\u00e1cseln\u00f6k, Kov\u00e1cs Ben\u0151 k\u00e9retett \u00e9s k\u00f6z\u00f6lte, hogy a p\u00e9nzt\u00e1rban vegyek fel 20&nbsp;000,-Ft-ot a csapatalak\u00edt\u00e1shoz. Amikor megk\u00e9rdeztem az elsz\u00e1mol\u00e1sr\u00f3l csak annyit mondott, hogy az \u00fcnnep\u00e9lyes fogadalomt\u00e9telre h\u00edvjam meg \u00e9s az lesz az elsz\u00e1mol\u00e1s.<\/p>\n\n\n\n<p class=\"has-black-color has-text-color\">Viharos id\u0151ket \u00e9lt\u00fcnk \u00e1t, egyszer fent egyszer a feloszl\u00e1s k\u00fcsz\u00f6b\u00e9n, soha nem volt egyszer\u0171, de a lelkesed\u00e9s a t\u00e1mogat\u00e1sok mindig \u00e1tlend\u00edtettek benn\u00fcnket a holtpontokon.<\/p>\n\n\n\n<p class=\"has-black-color has-text-color\">2019-ben \u00fcnnepelt\u00fck csapatunk 30-\u00e9ves fenn\u00e1ll\u00e1s\u00e1t gy\u00fclekezet\u00fcnk szeretet\u00e9vel k\u00f6r\u00fclv\u00e9ve. Most is sok seg\u00edts\u00e9get meg\u00e9rt\u00e9st \u00e9s t\u00e1mogat\u00e1st kapunk a gy\u00fclekezet\u00fcnkt\u0151l, lelk\u00e9szeinkt\u0151l.<\/p>\n\n\n\n<p class=\"has-black-color has-text-color\">Monor V\u00e1ros \u00d6nkorm\u00e1nyzat illet\u00e9kes bizotts\u00e1ga anyagilag is t\u00e1mogatja a ny\u00e1ri t\u00e1borink megrendez\u00e9s\u00e9t. T\u00f6bb p\u00e1ly\u00e1zatot is nyert\u00fcnk a NEA civil alapt\u00f3l.<\/p>\n\n\n\n<p class=\"has-black-color has-text-color\">Minden \u00e9vben megrendez\u00e9sre ker\u00fcl a ny\u00e1ri Nagyt\u00e1bor, amire szinte eg\u00e9sz \u00e9vben k\u00e9sz\u00fcl\u00fcnk. A nagyt\u00e1borok l\u00e9tsz\u00e1ma \u00e1ltal\u00e1ban 40-50 f\u0151. A r\u00e9sztvev\u0151k t\u00f6bb orsz\u00e1gb\u00f3l \u00e9rkeznek Sv\u00e9d orsz\u00e1g Sv\u00e1jc, Anglia, Wales , N\u00e9metorsz\u00e1g, Szerbia, K\u00e1rp\u00e1talja \u00e9s Erd\u00e9lyb\u0151l.<\/p>\n\n\n\n<p class=\"has-black-color has-text-color\">T\u00e1boraink \u00f6nell\u00e1t\u00f3ak, teh\u00e1t mi csin\u00e1lunk mindent, s\u00fct\u00fcnk-f\u0151z\u00fcnk, mosunk takar\u00edtunk \u00e9s k\u00f6zben sokat j\u00e1tszunk \u00e9s tanulunk egym\u00e1st\u00f3l, alkalmank\u00e9nt vend\u00e9g el\u0151ad\u00f3inkt\u00f3l. Vad\u00e1szokt\u00f3l, rend\u0151r\u00f6kt\u0151l, katon\u00e1kt\u00f3l, erd\u00e9szekt\u0151l, orvosokt\u00f3l, tud\u00f3sokt\u00f3l.<\/p>\n\n\n\n<p class=\"has-black-color has-text-color\">Alapelv\u00fcnk, hogy anyagi okok miatt nem maradhat el senki a t\u00e1borunkb\u00f3l, k\u00f6sz\u00f6nhet\u0151en a t\u00e1mogat\u00e1soknak. Mivel mi csin\u00e1lunk mindent \u00edgy el\u00e9g visszafogottak a t\u00e1bord\u00edjak, mindenki sz\u00e1m\u00e1ra el\u00e9rhet\u0151.<\/p>\n\n\n\n<p class=\"has-black-color has-text-color\">A v\u00e1ros t\u00e1rsadalmi \u00e9let\u00e9ben is akt\u00edvan r\u00e9szt vesz\u00fcnk.<\/p>\n\n\n\n<p class=\"has-black-color has-text-color\">J\u00f3 ideje m\u00e1r t\u00e9li sz\u00e1nk\u00f3t\u00e1borokat is szervez\u00fcnk, itt is pr\u00f3b\u00e1ljuk a cserk\u00e9szet\u00fcnket meg\u00e9lni.<\/p>\n\n\n\n<p class=\"has-black-color has-text-color\">J\u00f3 hangulat, j\u00f3 csapat, cserk\u00e9sztestv\u00e9ris\u00e9g jellemzi az egy\u00fctt t\u00f6lt\u00f6tt id\u0151t.<\/p>\n\n\n\n<p class=\"has-black-color has-text-color\"><a href=\"https:\/\/www.facebook.com\/profile.php?id=100074668082598\">https:\/\/www.facebook.com\/profile.php?id=100074668082598<\/a> oldalon olvashat\u00f3ak a cikkeink, l\u00e1that\u00f3ak a k\u00e9peink, \u00e9s t\u00f6rt\u00e9neteink.<\/p>\n\n\n\n<p class=\"has-black-color has-text-color\">Minden szombaton 14-\u00f3r\u00e1t\u00f3l cserk\u00e9szfoglalkoz\u00e1s a gy\u00fclekezeti teremben.<\/p>\n\n\n\n<p class=\"has-black-color has-text-color\">Nagy L\u00e1szl\u00f3 parancsnok el\u00e9rhet\u0151 a +36 20 9549 536 telefonsz\u00e1mon<\/p>\n\n\n\n<figure class=\"wp-block-image size-full\"><img loading=\"lazy\" decoding=\"async\" width=\"150\" height=\"169\" src=\"https:\/\/monornt.reformatus.hu\/wp-content\/uploads\/2022\/01\/1.jpg\" alt=\"\" class=\"wp-image-439\"\/><\/figure>\n","protected":false},"excerpt":{"rendered":"<p>842.sz Benedek Elek cserk\u00e9szcsapat Csapatunk 1989-ben Somogyi Dezs\u0151 Andr\u00e1s mentor\u00e1l\u00e1s\u00e1val \u00e9s Guly\u00e1s L\u00e1szl\u00f3 lelkip\u00e1sztor b\u00edztat\u00e1s\u00e1ra \u00fajra alak\u00edtottuk a monori reform\u00e1tus cserk\u00e9szcsapatot. Mint ifj\u00fa presbiter, Laci b\u00e1csit\u00f3l kaptam a feladatot, hogy mint parancsnok alak\u00edtsam meg \u00e9s vezessem a csapatot. Az akkori tan\u00e1cseln\u00f6k, Kov\u00e1cs Ben\u0151 k\u00e9retett \u00e9s k\u00f6z\u00f6lte, hogy a p\u00e9nzt\u00e1rban vegyek fel 20&nbsp;000,-Ft-ot a csapatalak\u00edt\u00e1shoz. Amikor &#8230; <span class=\"more\"><a class=\"more-link\" href=\"https:\/\/monornt.reformatus.hu\/index.php\/cserkeszet\/\">[Read more&#8230;]<\/a><\/span><\/p>\n","protected":false},"author":1,"featured_media":0,"parent":0,"menu_order":0,"comment_status":"closed","ping_status":"closed","template":"","meta":{"_monsterinsights_skip_tracking":false,"_monsterinsights_sitenote_active":false,"_monsterinsights_sitenote_note":"","_monsterinsights_sitenote_category":0,"footnotes":""},"class_list":["entry","page","publish","author-monornt","post-258"],"jetpack_sharing_enabled":true,"_links":{"self":[{"href":"https:\/\/monornt.reformatus.hu\/index.php\/wp-json\/wp\/v2\/pages\/258","targetHints":{"allow":["GET"]}}],"collection":[{"href":"https:\/\/monornt.reformatus.hu\/index.php\/wp-json\/wp\/v2\/pages"}],"about":[{"href":"https:\/\/monornt.reformatus.hu\/index.php\/wp-json\/wp\/v2\/types\/page"}],"author":[{"embeddable":true,"href":"https:\/\/monornt.reformatus.hu\/index.php\/wp-json\/wp\/v2\/users\/1"}],"replies":[{"embeddable":true,"href":"https:\/\/monornt.reformatus.hu\/index.php\/wp-json\/wp\/v2\/comments?post=258"}],"version-history":[{"count":4,"href":"https:\/\/monornt.reformatus.hu\/index.php\/wp-json\/wp\/v2\/pages\/258\/revisions"}],"predecessor-version":[{"id":442,"href":"https:\/\/monornt.reformatus.hu\/index.php\/wp-json\/wp\/v2\/pages\/258\/revisions\/442"}],"wp:attachment":[{"href":"https:\/\/monornt.reformatus.hu\/index.php\/wp-json\/wp\/v2\/media?parent=258"}],"curies":[{"name":"wp","href":"https:\/\/api.w.org\/{rel}","templated":true}]}}

Cserkészet

<p class="has-black-color has-text-color"><strong>842.sz Benedek Elek cserkészcsapat</strong></p>



<p class="has-black-color has-text-color">Csapatunk 1989-ben Somogyi Dezső András mentorálásával és Gulyás László lelkipásztor bíztatására újra alakítottuk a monori református cserkészcsapatot. Mint ifjú presbiter, Laci bácsitól kaptam a feladatot, hogy mint parancsnok alakítsam meg és vezessem a csapatot.</p>



<p class="has-black-color has-text-color">Az akkori tanácselnök, Kovács Benő kéretett és közölte, hogy a pénztárban vegyek fel 20&nbsp;000,-Ft-ot a csapatalakításhoz. Amikor megkérdeztem az elszámolásról csak annyit mondott, hogy az ünnepélyes fogadalomtételre hívjam meg és az lesz az elszámolás.</p>



<p class="has-black-color has-text-color">Viharos időket éltünk át, egyszer fent egyszer a feloszlás küszöbén, soha nem volt egyszerű, de a lelkesedés a támogatások mindig átlendítettek bennünket a holtpontokon.</p>



<p class="has-black-color has-text-color">2019-ben ünnepeltük csapatunk 30-éves fennállását gyülekezetünk szeretetével körülvéve. Most is sok segítséget megértést és támogatást kapunk a gyülekezetünktől, lelkészeinktől.</p>



<p class="has-black-color has-text-color">Monor Város Önkormányzat illetékes bizottsága anyagilag is támogatja a nyári táborink megrendezését. Több pályázatot is nyertünk a NEA civil alaptól.</p>



<p class="has-black-color has-text-color">Minden évben megrendezésre kerül a nyári Nagytábor, amire szinte egész évben készülünk. A nagytáborok létszáma általában 40-50 fő. A résztvevők több országból érkeznek Svéd ország Svájc, Anglia, Wales , Németország, Szerbia, Kárpátalja és Erdélyből.</p>



<p class="has-black-color has-text-color">Táboraink önellátóak, tehát mi csinálunk mindent, sütünk-főzünk, mosunk takarítunk és közben sokat játszunk és tanulunk egymástól, alkalmanként vendég előadóinktól. Vadászoktól, rendőröktől, katonáktól, erdészektől, orvosoktól, tudósoktól.</p>



<p class="has-black-color has-text-color">Alapelvünk, hogy anyagi okok miatt nem maradhat el senki a táborunkból, köszönhetően a támogatásoknak. Mivel mi csinálunk mindent így elég visszafogottak a tábordíjak, mindenki számára elérhető.</p>



<p class="has-black-color has-text-color">A város társadalmi életében is aktívan részt veszünk.</p>



<p class="has-black-color has-text-color">Jó ideje már téli szánkótáborokat is szervezünk, itt is próbáljuk a cserkészetünket megélni.</p>



<p class="has-black-color has-text-color">Jó hangulat, jó csapat, cserkésztestvériség jellemzi az együtt töltött időt.</p>



<p class="has-black-color has-text-color"><a href="https://www.facebook.com/profile.php?id=100074668082598">https://www.facebook.com/profile.php?id=100074668082598</a> oldalon olvashatóak a cikkeink, láthatóak a képeink, és történeteink.</p>



<p class="has-black-color has-text-color">Minden szombaton 14-órától cserkészfoglalkozás a gyülekezeti teremben.</p>



<p class="has-black-color has-text-color">Nagy László parancsnok elérhető a +36 20 9549 536 telefonszámon</p>



<figure class="wp-block-image size-full"><img loading="lazy" decoding="async" width="150" height="169" src="https://monornt.reformatus.hu/wp-content/uploads/2022/01/1.jpg" alt="" class="wp-image-439"/></figure>

<p>842.sz Benedek Elek cserkészcsapat Csapatunk 1989-ben Somogyi Dezső András mentorálásával és Gulyás László lelkipásztor bíztatására újra alakítottuk a monori református cserkészcsapatot. Mint ifjú presbiter, Laci bácsitól kaptam a feladatot, hogy mint parancsnok alakítsam meg és vezessem a csapatot. Az akkori tanácselnök, Kovács Benő kéretett és közölte, hogy a pénztárban vegyek fel 20&nbsp;000,-Ft-ot a csapatalakításhoz. Amikor &#8230; <span class="more"><a class="more-link" href="https://monornt.reformatus.hu/index.php/cserkeszet/">[Read more&#8230;]</a></span></p>
