{"id":254,"date":"2021-02-09T07:38:01","date_gmt":"2021-02-09T07:38:01","guid":{"rendered":"https:\/\/monornt.reformatus.hu\/wordpress\/?page_id=254"},"modified":"2022-01-19T07:55:20","modified_gmt":"2022-01-19T07:55:20","slug":"kulonleges-alkalmak","status":"publish","type":"page","link":"https:\/\/monornt.reformatus.hu\/index.php\/kulonleges-alkalmak\/","title":{"rendered":"K\u00fcl\u00f6nleges alkalmak"},"content":{"rendered":"\n<h2 class=\"wp-block-heading\"><strong>Gy\u00fclekezeti \u00e9let\u00fcnk k\u00fcl\u00f6nleges alkalmai:<\/strong><\/h2>\n\n\n\n<ul class=\"wp-block-list\"><li><strong>Gy\u00e1szol\u00f3k<\/strong>kal \u2013 lelkip\u00e1sztor besz\u00e9lget<\/li><li><strong>Keresztel\u0151\u00a0<\/strong>\u2013 sz\u00fcl\u0151kkel a kereszts\u00e9g bibliai eredet\u00e9r\u0151l, az \u00e9let aj\u00e1nd\u00e9k\u00e1r\u00f3l, a keresztel\u00e9si alkalmon elhangz\u00f3 k\u00e9t k\u00e9rd\u00e9sr\u0151l, gyakorlati dolgokr\u00f3l \u2013 lelkip\u00e1sztor besz\u00e9lget.<\/li><li><strong>H\u00e1zass\u00e1g<\/strong>ra k\u00e9sz\u00fcl\u0151kkel 4-5 alkalommal jegyes besz\u00e9lget\u00e9s a h\u00e1zass\u00e1g c\u00e9lj\u00e1r\u00f3l, alapj\u00e1r\u00f3l, \u00e9p\u00fcl\u00e9s\u00e9r\u0151l, szerepekr\u0151l, h\u00e1zass\u00e1gi fogalomt\u00e9telr\u0151l az Ige alapj\u00e1n \u2013 lelkip\u00e1sztori besz\u00e9lget\u00e9sek.<\/li><li><strong>Konfirm\u00e1ci\u00f3<\/strong>: A k\u00e9pz\u00e9s k\u00e9t \u00e9ves. Anyag: HK 1. , HK 21. Biblia k\u00f6nyveinek ismerete, T\u00edzparancsolat, Sz\u00e9n\u00e1si S.: Megtal\u00e1ltuk a messi\u00e1st. Konfirm\u00e1ci\u00f3i fogadalomt\u00e9tel a m\u00e1sodik \u00e9v p\u00fcnk\u00f6sdj\u00e9n. \u00cdr\u00e1sbeli vizsga p\u00fcnk\u00f6sd el\u0151tti kedden, sz\u00f3beli p\u00fcnk\u00f6sd szombatj\u00e1n, fogadalomt\u00e9tel \u00e9s els\u0151 \u00farvacsora p\u00fcnk\u00f6sd vas\u00e1rnap.<\/li><li><strong>Feln\u0151tt konfirm\u00e1ci\u00f3\u00a0<\/strong>keresztk\u00e9rd\u00e9sek sorozat v\u00e9g\u00e9n.<\/li><\/ul>\n\n\n\n<p><strong>\u00a0A kazu\u00e1li\u00e1k egyh\u00e1zi keret\u00fcnkben, a misszi\u00f3i lehet\u0151s\u00e9geit is magukban rejtik. \u00cdgy kellene r\u00e1juk tekinteni. Sokan \u00fagy n\u00e9znek r\u00e1nk, mint akik valamif\u00e9le szolg\u00e1ltat\u00e1st ny\u00fajtan\u00e1nk. Mindent meg kell tenni, hogy kiker\u00fclj\u00fcnk ebb\u0151l az \u00e1rny\u00e9kb\u00f3l.<\/strong><\/p>\n","protected":false},"excerpt":{"rendered":"<p>Gy\u00fclekezeti \u00e9let\u00fcnk k\u00fcl\u00f6nleges alkalmai: Gy\u00e1szol\u00f3kkal \u2013 lelkip\u00e1sztor besz\u00e9lget Keresztel\u0151\u00a0\u2013 sz\u00fcl\u0151kkel a kereszts\u00e9g bibliai eredet\u00e9r\u0151l, az \u00e9let aj\u00e1nd\u00e9k\u00e1r\u00f3l, a keresztel\u00e9si alkalmon elhangz\u00f3 k\u00e9t k\u00e9rd\u00e9sr\u0151l, gyakorlati dolgokr\u00f3l \u2013 lelkip\u00e1sztor besz\u00e9lget. H\u00e1zass\u00e1gra k\u00e9sz\u00fcl\u0151kkel 4-5 alkalommal jegyes besz\u00e9lget\u00e9s a h\u00e1zass\u00e1g c\u00e9lj\u00e1r\u00f3l, alapj\u00e1r\u00f3l, \u00e9p\u00fcl\u00e9s\u00e9r\u0151l, szerepekr\u0151l, h\u00e1zass\u00e1gi fogalomt\u00e9telr\u0151l az Ige alapj\u00e1n \u2013 lelkip\u00e1sztori besz\u00e9lget\u00e9sek. Konfirm\u00e1ci\u00f3: A k\u00e9pz\u00e9s k\u00e9t \u00e9ves. Anyag: HK &#8230; <span class=\"more\"><a class=\"more-link\" href=\"https:\/\/monornt.reformatus.hu\/index.php\/kulonleges-alkalmak\/\">[Read more&#8230;]<\/a><\/span><\/p>\n","protected":false},"author":1,"featured_media":0,"parent":0,"menu_order":0,"comment_status":"closed","ping_status":"closed","template":"","meta":{"_monsterinsights_skip_tracking":false,"_monsterinsights_sitenote_active":false,"_monsterinsights_sitenote_note":"","_monsterinsights_sitenote_category":0,"footnotes":""},"class_list":["entry","page","publish","author-monornt","post-254"],"jetpack_sharing_enabled":true,"_links":{"self":[{"href":"https:\/\/monornt.reformatus.hu\/index.php\/wp-json\/wp\/v2\/pages\/254","targetHints":{"allow":["GET"]}}],"collection":[{"href":"https:\/\/monornt.reformatus.hu\/index.php\/wp-json\/wp\/v2\/pages"}],"about":[{"href":"https:\/\/monornt.reformatus.hu\/index.php\/wp-json\/wp\/v2\/types\/page"}],"author":[{"embeddable":true,"href":"https:\/\/monornt.reformatus.hu\/index.php\/wp-json\/wp\/v2\/users\/1"}],"replies":[{"embeddable":true,"href":"https:\/\/monornt.reformatus.hu\/index.php\/wp-json\/wp\/v2\/comments?post=254"}],"version-history":[{"count":2,"href":"https:\/\/monornt.reformatus.hu\/index.php\/wp-json\/wp\/v2\/pages\/254\/revisions"}],"predecessor-version":[{"id":418,"href":"https:\/\/monornt.reformatus.hu\/index.php\/wp-json\/wp\/v2\/pages\/254\/revisions\/418"}],"wp:attachment":[{"href":"https:\/\/monornt.reformatus.hu\/index.php\/wp-json\/wp\/v2\/media?parent=254"}],"curies":[{"name":"wp","href":"https:\/\/api.w.org\/{rel}","templated":true}]}}