{"id":253,"date":"2021-02-09T07:38:01","date_gmt":"2021-02-09T07:38:01","guid":{"rendered":"https:\/\/monornt.reformatus.hu\/wordpress\/?page_id=253"},"modified":"2022-01-19T07:51:55","modified_gmt":"2022-01-19T07:51:55","slug":"felnottek-szamara","status":"publish","type":"page","link":"https:\/\/monornt.reformatus.hu\/index.php\/felnottek-szamara\/","title":{"rendered":"Feln\u0151ttek sz\u00e1m\u00e1ra"},"content":{"rendered":"\n<h2 class=\"wp-block-heading\"><strong>Vas\u00e1rnapi istentisztelet 10 \u00f3r\u00e1t\u00f3l<\/strong><\/h2>\n\n\n\n<p>A gy\u00fclekezet eg\u00e9sz\u00e9t egybekapcsol\u00f3 alkalom. \u2013 A csal\u00e1dok egy\u00fctt \u00e9rkezhetnek, a legkisebbekt\u0151l n\u00e9gy \u00e9ves korig beadhatj\u00e1k gyermekeiket a gyermekmeg\u0151rz\u0151 szolg\u00e1lathoz. Itt anyuk\u00e1k, nagymam\u00e1k, gyermekgondoz\u00f3k, fiatalok 2-3 f\u00f5s csapata vigy\u00e1z a kicsinyekre, j\u00e1tszik vel\u00fck, am\u00edg a feln\u0151ttek a templomban vannak.<\/p>\n\n\n\n<p>H\u00e1rom korcsoportnak tartunk gyermekistentiszteletet ugyanebben az id\u0151pontban: \u00f3vod\u00e1sok, I \u2013 IV.,V -VIII. oszt\u00e1lyosok csoportjainak.<\/p>\n\n\n\n<p>Arra \u00f6szt\u00f6n\u00f6zz\u00fck gy\u00fclekezeti tagjainkat, hogy a k\u00f6zponti istentiszteleten k\u00edv\u00fcl is keressen mindenki egy gy\u00fclekezeti csoportot, ahol otthon \u00e9rzi mag\u00e1t.<\/p>\n\n\n\n<p>Havonta egy alkalommal 11 \u00f3r\u00e1t\u00f3l bibliaismereti el\u0151ad\u00e1sokat az istentisztelet ut\u00e1n.<\/p>\n\n\n\n<h2 class=\"wp-block-heading\"><strong>Baba-mama k\u00f6r<\/strong><\/h2>\n\n\n\n<p><br>H\u00e1zass\u00e1gban \u00e9l\u0151 fiatalasszonyok, fiatal \u00e9desany\u00e1k, kismam\u00e1k k\u00f6re. Minden p\u00e1ros h\u00e9ten cs\u00fct\u00f6rt\u00f6k d\u00e9lel\u0151tt 11 \u00f3r\u00e1t\u00f3l a baba-mama szob\u00e1ban.<\/p>\n\n\n\n<h2 class=\"wp-block-heading\"><strong>Keresztk\u00e9rd\u00e9sek<\/strong><\/h2>\n\n\n\n<p>Febru\u00e1rt\u00f3l szerd\u00e1nk\u00e9nt 6 \u00f3r\u00e1t\u00f3l 10-15 h\u00e9ten kereszt\u00fcl.<\/p>\n\n\n\n<p>Aki a tanfolyam v\u00e9g\u00e9n k\u00e9ri, feln\u0151tt konfirm\u00e1ci\u00f3ban vehet r\u00e9szt, \u00e9s ha addig m\u00e9g nem volt megkeresztelve, a kereszts\u00e9gben is r\u00e9szes\u00fclhet.<\/p>\n\n\n\n<p>M\u00e1rk evang\u00e9liuma alapj\u00e1n<\/p>\n\n\n\n<p><em>1.&nbsp;H\u00c9T: Bevezet\u00e9s&nbsp;&nbsp;&nbsp;&nbsp;&nbsp;&nbsp;&nbsp;&nbsp;&nbsp;&nbsp;&nbsp;&nbsp;&nbsp;&nbsp;&nbsp;&nbsp;&nbsp;&nbsp;&nbsp;&nbsp;&nbsp;&nbsp;&nbsp;6.&nbsp;&nbsp;H\u00c9T: J\u00e9zus \u2013 Felt\u00e1mad\u00e1sa<\/em><\/p>\n\n\n\n<p><em>2.&nbsp;H\u00c9T: J\u00e9zus \u2013 Ki volt \u0150?&nbsp;&nbsp;&nbsp;&nbsp;&nbsp;&nbsp;&nbsp;&nbsp;&nbsp;&nbsp;&nbsp;&nbsp;&nbsp;7.&nbsp;&nbsp;H\u00c9T: Mit jelent kereszty\u00e9nnek lenni?<\/em><\/p>\n\n\n\n<p><em>3.&nbsp;H\u00c9T: J\u00e9zus \u2013 Mi\u00e9rt j\u00f6tt?&nbsp;&nbsp;&nbsp;&nbsp;&nbsp;&nbsp;&nbsp;&nbsp;&nbsp;&nbsp;&nbsp;&nbsp;8.&nbsp;&nbsp;H\u00c9T: Krisztus \u00fatj\u00e1n j\u00e1rni<\/em><\/p>\n\n\n\n<p><em>4.&nbsp;H\u00c9T: J\u00e9zus \u2013 Hal\u00e1la&nbsp;&nbsp;&nbsp;&nbsp;&nbsp;&nbsp;&nbsp;&nbsp;&nbsp;&nbsp;&nbsp;&nbsp;&nbsp;&nbsp;&nbsp;&nbsp;&nbsp;9.&nbsp;&nbsp;H\u00c9T: D\u00f6nt\u00e9sek \u2013 Her\u00f3des kir\u00e1ly<\/em><\/p>\n\n\n\n<p><em>5.&nbsp;&nbsp;H\u00c9T: Mit jelent a Kegyelem?&nbsp;&nbsp;&nbsp;10. H\u00c9T: D\u00f6nt\u00e9sek \u2013 Jakab, J\u00e1nos \u00e9s Bartimeus<\/em><\/p>\n\n\n\n<h2 class=\"wp-block-heading\"><strong>Cs\u00fct\u00f6rt\u00f6ki \u00f3ra<\/strong><\/h2>\n\n\n\n<p>A Keresztk\u00e9rd\u00e9sek csoportot v\u00e9gzettek folytat\u00f3d\u00f3 alkalma (mindenki el\u0151tt nyitott alkalom). Cs\u00fct\u00f6rt\u00f6k est\u00e9nk\u00e9nt 6 \u00f3r\u00e1t\u00f3l az iroda\u00e9p\u00fcletben.<\/p>\n\n\n\n<p><\/p>\n\n\n\n<h2 class=\"wp-block-heading\"><strong>Szerdai biblia\u00f3ra<\/strong><\/h2>\n\n\n\n<p>A bibliaolvas\u00f3 kalauz napi ig\u00e9inek alapj\u00e1n. Este 6 \u00f3r\u00e1t\u00f3l (t\u00e9li id\u0151sz\u00e1m\u00edt\u00e1sban 5 \u00f3r\u00e1t\u00f3l) az iroda\u00e9p\u00fcletben.<\/p>\n\n\n\n<h2 class=\"wp-block-heading\"><strong>Kazu\u00e1li\u00e1k<\/strong><\/h2>\n\n\n\n<p><strong>Gy\u00e1sz\u00f3l\u00f3k<\/strong>kal \u2013 lelkip\u00e1sztor besz\u00e9lget<\/p>\n\n\n\n<p><strong>Keresztel\u0151&nbsp;<\/strong>\u2013 sz\u00fcl\u0151kkel a kereszts\u00e9g bibliai eredet\u00e9r\u0151l, az \u00e9let aj\u00e1nd\u00e9k\u00e1r\u00f3l, a keresztel\u00e9si alkalmon elhangz\u00f3 k\u00e9t k\u00e9rd\u00e9sr\u0151l, gyakorlati dolgokr\u00f3l \u2013 lelkip\u00e1sztor besz\u00e9lget<\/p>\n\n\n\n<p><strong>H\u00e1zass\u00e1g<\/strong>ra k\u00e9sz\u00fcl\u0151kkel 4-5 alkalommal jegyes besz\u00e9lget\u00e9s a h\u00e1zass\u00e1g c\u00e9lj\u00e1r\u00f3l, alapj\u00e1r\u00f3l, \u00e9p\u00fcl\u00e9s\u00e9r\u0151l, szerepekr\u0151l, h\u00e1zass\u00e1gi fogalomt\u00e9telr\u0151l az Ige alapj\u00e1n \u2013 lelkip\u00e1sztori besz\u00e9lget\u00e9sek<\/p>\n\n\n\n<p><strong>Konfirm\u00e1ci\u00f3<\/strong>: A k\u00e9pz\u00e9s k\u00e9t \u00e9ves. Anyag: HK 1. , HK 21. Biblia k\u00f6nyveinek ismerete, T\u00edzparancsolat, Sz\u00e9n\u00e1si S.: Megtal\u00e1ltuk a messi\u00e1st. Konfirm\u00e1ci\u00f3i fogadalomt\u00e9tel a m\u00e1sodik \u00e9v p\u00fcnk\u00f6sdj\u00e9n. \u00cdr\u00e1sbeli vizsga p\u00fcnk\u00f6sd el\u0151tti kedden, sz\u00f3beli p\u00fcnk\u00f6sd szombatj\u00e1n, fogadalomt\u00e9tel \u00e9s els\u0151 \u00farvacsora p\u00fcnk\u00f6sd vas\u00e1rnap.<\/p>\n\n\n\n<p>Feln\u0151tt konfirm\u00e1ci\u00f3 keresztk\u00e9rd\u00e9sek sorozat v\u00e9g\u00e9n.<\/p>\n\n\n\n<h2 class=\"wp-block-heading\"><strong><u>Evang\u00e9liz\u00e1ci\u00f3:<\/u><\/strong><\/h2>\n\n\n\n<p>Elengedhetetlen, hogy tartsunk&nbsp;evang\u00e9liz\u00e1ci\u00f3kat. Sokan Az evang\u00e9liz\u00e1ci\u00f3 a d\u00f6nt\u00e9sre h\u00edv\u00e1s alkalma legyen, ne csup\u00e1n heti istentisztelet-sorozat. Ez nem kegyess\u00e9gi ir\u00e1nyzat k\u00e9rd\u00e9se.<\/p>\n\n\n\n<p><strong>J\u00e9zus els\u0151 pr\u00e9dik\u00e1ci\u00f3ja \u00edgy hangzott: T\u00e9rjetek meg\u2026 A b\u0171nr\u0151l \u00e9s a szabad\u00edt\u00e1sr\u00f3l sz\u00f3l\u00f3 \u00fczenet nem ijesztget\u00e9s hanem szeretetb\u0151l fakad\u00f3 k\u00f6teless\u00e9g.<\/strong><\/p>\n\n\n\n<p>A gy\u00fclekezeti evang\u00e9liz\u00e1ci\u00f3 mellett fel kell k\u00e9sz\u00fclni kiscsoportos evang\u00e9liz\u00e1ci\u00f3, mint pl a Keresztk\u00e9rd\u00e9sek program \u00e9s az egy\u00e9ni evang\u00e9liz\u00e1ci\u00f3 szolg\u00e1lat\u00e1ra is.<\/p>\n\n\n\n<p><strong><u>A misszi\u00f3i parancsban J\u00e9zus arra ad megb\u00edz\u00e1st, hogy menjetek el.<\/u><\/strong><strong><\/strong><\/p>\n\n\n\n<p><strong>Nem lehet v\u00e9dekez\u0151, befel\u00e9 fordul\u00f3 gy\u00fclekezeti \u00e9letet \u00e9lni. El kell menni. A l\u00e1togat\u00e1sok nagyon sz\u00fcks\u00e9gesek. Legal\u00e1bb \u00f6t \u00e9vente v\u00e9gig kellene j\u00e1rni telep\u00fcl\u00e9seink otthonait. Ha sz\u00fcks\u00e9g van r\u00e1 egy munkat\u00e1rsi csoport seg\u00edts\u00e9g\u00e9vel.<\/strong><\/p>\n","protected":false},"excerpt":{"rendered":"<p>Vas\u00e1rnapi istentisztelet 10 \u00f3r\u00e1t\u00f3l A gy\u00fclekezet eg\u00e9sz\u00e9t egybekapcsol\u00f3 alkalom. \u2013 A csal\u00e1dok egy\u00fctt \u00e9rkezhetnek, a legkisebbekt\u0151l n\u00e9gy \u00e9ves korig beadhatj\u00e1k gyermekeiket a gyermekmeg\u0151rz\u0151 szolg\u00e1lathoz. Itt anyuk\u00e1k, nagymam\u00e1k, gyermekgondoz\u00f3k, fiatalok 2-3 f\u00f5s csapata vigy\u00e1z a kicsinyekre, j\u00e1tszik vel\u00fck, am\u00edg a feln\u0151ttek a templomban vannak. H\u00e1rom korcsoportnak tartunk gyermekistentiszteletet ugyanebben az id\u0151pontban: \u00f3vod\u00e1sok, I \u2013 IV.,V -VIII. &#8230; <span class=\"more\"><a class=\"more-link\" href=\"https:\/\/monornt.reformatus.hu\/index.php\/felnottek-szamara\/\">[Read more&#8230;]<\/a><\/span><\/p>\n","protected":false},"author":1,"featured_media":0,"parent":0,"menu_order":0,"comment_status":"closed","ping_status":"closed","template":"","meta":{"_monsterinsights_skip_tracking":false,"_monsterinsights_sitenote_active":false,"_monsterinsights_sitenote_note":"","_monsterinsights_sitenote_category":0,"footnotes":""},"class_list":["entry","page","publish","author-monornt","post-253"],"jetpack_sharing_enabled":true,"_links":{"self":[{"href":"https:\/\/monornt.reformatus.hu\/index.php\/wp-json\/wp\/v2\/pages\/253","targetHints":{"allow":["GET"]}}],"collection":[{"href":"https:\/\/monornt.reformatus.hu\/index.php\/wp-json\/wp\/v2\/pages"}],"about":[{"href":"https:\/\/monornt.reformatus.hu\/index.php\/wp-json\/wp\/v2\/types\/page"}],"author":[{"embeddable":true,"href":"https:\/\/monornt.reformatus.hu\/index.php\/wp-json\/wp\/v2\/users\/1"}],"replies":[{"embeddable":true,"href":"https:\/\/monornt.reformatus.hu\/index.php\/wp-json\/wp\/v2\/comments?post=253"}],"version-history":[{"count":7,"href":"https:\/\/monornt.reformatus.hu\/index.php\/wp-json\/wp\/v2\/pages\/253\/revisions"}],"predecessor-version":[{"id":416,"href":"https:\/\/monornt.reformatus.hu\/index.php\/wp-json\/wp\/v2\/pages\/253\/revisions\/416"}],"wp:attachment":[{"href":"https:\/\/monornt.reformatus.hu\/index.php\/wp-json\/wp\/v2\/media?parent=253"}],"curies":[{"name":"wp","href":"https:\/\/api.w.org\/{rel}","templated":true}]}}

Felnőttek számára

<h2 class="wp-block-heading"><strong>Vasárnapi istentisztelet 10 órától</strong></h2>



<p>A gyülekezet egészét egybekapcsoló alkalom. – A családok együtt érkezhetnek, a legkisebbektől négy éves korig beadhatják gyermekeiket a gyermekmegőrző szolgálathoz. Itt anyukák, nagymamák, gyermekgondozók, fiatalok 2-3 fõs csapata vigyáz a kicsinyekre, játszik velük, amíg a felnőttek a templomban vannak.</p>



<p>Három korcsoportnak tartunk gyermekistentiszteletet ugyanebben az időpontban: óvodások, I – IV.,V -VIII. osztályosok csoportjainak.</p>



<p>Arra ösztönözzük gyülekezeti tagjainkat, hogy a központi istentiszteleten kívül is keressen mindenki egy gyülekezeti csoportot, ahol otthon érzi magát.</p>



<p>Havonta egy alkalommal 11 órától bibliaismereti előadásokat az istentisztelet után.</p>



<h2 class="wp-block-heading"><strong>Baba-mama kör</strong></h2>



<p><br>Házasságban élő fiatalasszonyok, fiatal édesanyák, kismamák köre. Minden páros héten csütörtök délelőtt 11 órától a baba-mama szobában.</p>



<h2 class="wp-block-heading"><strong>Keresztkérdések</strong></h2>



<p>Februártól szerdánként 6 órától 10-15 héten keresztül.</p>



<p>Aki a tanfolyam végén kéri, felnőtt konfirmációban vehet részt, és ha addig még nem volt megkeresztelve, a keresztségben is részesülhet.</p>



<p>Márk evangéliuma alapján</p>



<p><em>1.&nbsp;HÉT: Bevezetés&nbsp;&nbsp;&nbsp;&nbsp;&nbsp;&nbsp;&nbsp;&nbsp;&nbsp;&nbsp;&nbsp;&nbsp;&nbsp;&nbsp;&nbsp;&nbsp;&nbsp;&nbsp;&nbsp;&nbsp;&nbsp;&nbsp;&nbsp;6.&nbsp;&nbsp;HÉT: Jézus – Feltámadása</em></p>



<p><em>2.&nbsp;HÉT: Jézus – Ki volt Ő?&nbsp;&nbsp;&nbsp;&nbsp;&nbsp;&nbsp;&nbsp;&nbsp;&nbsp;&nbsp;&nbsp;&nbsp;&nbsp;7.&nbsp;&nbsp;HÉT: Mit jelent keresztyénnek lenni?</em></p>



<p><em>3.&nbsp;HÉT: Jézus – Miért jött?&nbsp;&nbsp;&nbsp;&nbsp;&nbsp;&nbsp;&nbsp;&nbsp;&nbsp;&nbsp;&nbsp;&nbsp;8.&nbsp;&nbsp;HÉT: Krisztus útján járni</em></p>



<p><em>4.&nbsp;HÉT: Jézus – Halála&nbsp;&nbsp;&nbsp;&nbsp;&nbsp;&nbsp;&nbsp;&nbsp;&nbsp;&nbsp;&nbsp;&nbsp;&nbsp;&nbsp;&nbsp;&nbsp;&nbsp;9.&nbsp;&nbsp;HÉT: Döntések – Heródes király</em></p>



<p><em>5.&nbsp;&nbsp;HÉT: Mit jelent a Kegyelem?&nbsp;&nbsp;&nbsp;10. HÉT: Döntések – Jakab, János és Bartimeus</em></p>



<h2 class="wp-block-heading"><strong>Csütörtöki óra</strong></h2>



<p>A Keresztkérdések csoportot végzettek folytatódó alkalma (mindenki előtt nyitott alkalom). Csütörtök esténként 6 órától az irodaépületben.</p>



<p></p>



<h2 class="wp-block-heading"><strong>Szerdai bibliaóra</strong></h2>



<p>A bibliaolvasó kalauz napi igéinek alapján. Este 6 órától (téli időszámításban 5 órától) az irodaépületben.</p>



<h2 class="wp-block-heading"><strong>Kazuáliák</strong></h2>



<p><strong>Gyászólók</strong>kal – lelkipásztor beszélget</p>



<p><strong>Keresztelő&nbsp;</strong>– szülőkkel a keresztség bibliai eredetéről, az élet ajándékáról, a keresztelési alkalmon elhangzó két kérdésről, gyakorlati dolgokról – lelkipásztor beszélget</p>



<p><strong>Házasság</strong>ra készülőkkel 4-5 alkalommal jegyes beszélgetés a házasság céljáról, alapjáról, épüléséről, szerepekről, házassági fogalomtételről az Ige alapján – lelkipásztori beszélgetések</p>



<p><strong>Konfirmáció</strong>: A képzés két éves. Anyag: HK 1. , HK 21. Biblia könyveinek ismerete, Tízparancsolat, Szénási S.: Megtaláltuk a messiást. Konfirmációi fogadalomtétel a második év pünkösdjén. Írásbeli vizsga pünkösd előtti kedden, szóbeli pünkösd szombatján, fogadalomtétel és első úrvacsora pünkösd vasárnap.</p>



<p>Felnőtt konfirmáció keresztkérdések sorozat végén.</p>



<h2 class="wp-block-heading"><strong><u>Evangélizáció:</u></strong></h2>



<p>Elengedhetetlen, hogy tartsunk&nbsp;evangélizációkat. Sokan Az evangélizáció a döntésre hívás alkalma legyen, ne csupán heti istentisztelet-sorozat. Ez nem kegyességi irányzat kérdése.</p>



<p><strong>Jézus első prédikációja így hangzott: Térjetek meg… A bűnről és a szabadításról szóló üzenet nem ijesztgetés hanem szeretetből fakadó kötelesség.</strong></p>



<p>A gyülekezeti evangélizáció mellett fel kell készülni kiscsoportos evangélizáció, mint pl a Keresztkérdések program és az egyéni evangélizáció szolgálatára is.</p>



<p><strong><u>A missziói parancsban Jézus arra ad megbízást, hogy menjetek el.</u></strong><strong></strong></p>



<p><strong>Nem lehet védekező, befelé forduló gyülekezeti életet élni. El kell menni. A látogatások nagyon szükségesek. Legalább öt évente végig kellene járni településeink otthonait. Ha szükség van rá egy munkatársi csoport segítségével.</strong></p>

<p>Vasárnapi istentisztelet 10 órától A gyülekezet egészét egybekapcsoló alkalom. – A családok együtt érkezhetnek, a legkisebbektől négy éves korig beadhatják gyermekeiket a gyermekmegőrző szolgálathoz. Itt anyukák, nagymamák, gyermekgondozók, fiatalok 2-3 fõs csapata vigyáz a kicsinyekre, játszik velük, amíg a felnőttek a templomban vannak. Három korcsoportnak tartunk gyermekistentiszteletet ugyanebben az időpontban: óvodások, I – IV.,V -VIII. &#8230; <span class="more"><a class="more-link" href="https://monornt.reformatus.hu/index.php/felnottek-szamara/">[Read more&#8230;]</a></span></p>
