{"id":252,"date":"2021-02-09T07:38:01","date_gmt":"2021-02-09T07:38:01","guid":{"rendered":"https:\/\/monornt.reformatus.hu\/wordpress\/?page_id=252"},"modified":"2022-01-19T07:37:10","modified_gmt":"2022-01-19T07:37:10","slug":"fiatalok-reszere","status":"publish","type":"page","link":"https:\/\/monornt.reformatus.hu\/index.php\/fiatalok-reszere\/","title":{"rendered":"Fiatalok r\u00e9sz\u00e9re"},"content":{"rendered":"\n<p>\u201e\u00d6nmag\u00e1t \u00edt\u00e9li hal\u00e1lra az az egyh\u00e1z, mely ifj\u00fas\u00e1g\u00e1nak nevel\u00e9s\u00e9t m\u00e1sokra b\u00edzza\u201d (Makkai S\u00e1ndor) M\u00e9g ink\u00e1bb hangs\u00falyoss\u00e1 v\u00e1lik korunkban ez a t\u00f6bb \u00e9vtizede megfogalmazott meg\u00e1llap\u00edt\u00e1s.<br>Az inform\u00e1ci\u00f3robban\u00e1s kontroll\u00e1latlans\u00e1g\u00e1ban \u00e9szre sem vessz\u00fck a fiatalok k\u00eds\u00e9rt\u00e9seit.<br>Ebben az \u00e9letkorban, ahol a hit, hivat\u00e1s \u00e9s hitves k\u00e9rd\u00e9seiben \u00e9letre sz\u00f3l\u00f3 d\u00f6nt\u00e9seket kell meghozniuk Istennek vannak v\u00e1laszai.<\/p>\n\n\n\n<p>\u00cdgy szervezz\u00fck az al\u00e1bbi alkalmakat:<\/p>\n\n\n\n<p><strong>Konfirm\u00e1ci\u00f3i alkalmak<\/strong><br>\u00a0\u00a0\u00a0\u00a0\u00a0\u00a0 I. \u00e9vfolyam, kedden d\u00e9lut\u00e1n f\u00e9l 4-kor, II. \u00e9vfolyam, szerd\u00e1n d\u00e9lut\u00e1n 4-kor<\/p>\n\n\n\n<p><strong>Ifi\u00f3r\u00e1k korcsoportokban<\/strong> a konfirm\u00e1ci\u00f3 ut\u00e1ni koroszt\u00e1lynak p\u00e9nteken este 6 \u00f3rakor<\/p>\n\n\n\n<p><strong>Fiatal feln\u0151ttek k\u00f6re<\/strong> \u2013 2 h\u00e1zicsoportban&nbsp;&nbsp;&nbsp;&nbsp;&nbsp;<\/p>\n\n\n\n<p><strong>Cserk\u00e9szet szombaton<\/strong> d\u00e9lut\u00e1n 2-kor.<\/p>\n\n\n\n<p><strong>Csendesh\u00e9tv\u00e9g\u00e9k<\/strong> az \u00e9v k\u00f6zben.<\/p>\n\n\n\n<p><strong>Ny\u00e1ri t\u00e1bor<\/strong><\/p>\n","protected":false},"excerpt":{"rendered":"<p>\u201e\u00d6nmag\u00e1t \u00edt\u00e9li hal\u00e1lra az az egyh\u00e1z, mely ifj\u00fas\u00e1g\u00e1nak nevel\u00e9s\u00e9t m\u00e1sokra b\u00edzza\u201d (Makkai S\u00e1ndor) M\u00e9g ink\u00e1bb hangs\u00falyoss\u00e1 v\u00e1lik korunkban ez a t\u00f6bb \u00e9vtizede megfogalmazott meg\u00e1llap\u00edt\u00e1s.Az inform\u00e1ci\u00f3robban\u00e1s kontroll\u00e1latlans\u00e1g\u00e1ban \u00e9szre sem vessz\u00fck a fiatalok k\u00eds\u00e9rt\u00e9seit.Ebben az \u00e9letkorban, ahol a hit, hivat\u00e1s \u00e9s hitves k\u00e9rd\u00e9seiben \u00e9letre sz\u00f3l\u00f3 d\u00f6nt\u00e9seket kell meghozniuk Istennek vannak v\u00e1laszai. \u00cdgy szervezz\u00fck az al\u00e1bbi alkalmakat: Konfirm\u00e1ci\u00f3i &#8230; <span class=\"more\"><a class=\"more-link\" href=\"https:\/\/monornt.reformatus.hu\/index.php\/fiatalok-reszere\/\">[Read more&#8230;]<\/a><\/span><\/p>\n","protected":false},"author":1,"featured_media":0,"parent":0,"menu_order":0,"comment_status":"closed","ping_status":"closed","template":"","meta":{"_monsterinsights_skip_tracking":false,"_monsterinsights_sitenote_active":false,"_monsterinsights_sitenote_note":"","_monsterinsights_sitenote_category":0,"footnotes":""},"class_list":["entry","page","publish","author-monornt","post-252"],"jetpack_sharing_enabled":true,"_links":{"self":[{"href":"https:\/\/monornt.reformatus.hu\/index.php\/wp-json\/wp\/v2\/pages\/252","targetHints":{"allow":["GET"]}}],"collection":[{"href":"https:\/\/monornt.reformatus.hu\/index.php\/wp-json\/wp\/v2\/pages"}],"about":[{"href":"https:\/\/monornt.reformatus.hu\/index.php\/wp-json\/wp\/v2\/types\/page"}],"author":[{"embeddable":true,"href":"https:\/\/monornt.reformatus.hu\/index.php\/wp-json\/wp\/v2\/users\/1"}],"replies":[{"embeddable":true,"href":"https:\/\/monornt.reformatus.hu\/index.php\/wp-json\/wp\/v2\/comments?post=252"}],"version-history":[{"count":4,"href":"https:\/\/monornt.reformatus.hu\/index.php\/wp-json\/wp\/v2\/pages\/252\/revisions"}],"predecessor-version":[{"id":409,"href":"https:\/\/monornt.reformatus.hu\/index.php\/wp-json\/wp\/v2\/pages\/252\/revisions\/409"}],"wp:attachment":[{"href":"https:\/\/monornt.reformatus.hu\/index.php\/wp-json\/wp\/v2\/media?parent=252"}],"curies":[{"name":"wp","href":"https:\/\/api.w.org\/{rel}","templated":true}]}}

Fiatalok részére

<p>„Önmagát ítéli halálra az az egyház, mely ifjúságának nevelését másokra bízza” (Makkai Sándor) Még inkább hangsúlyossá válik korunkban ez a több évtizede megfogalmazott megállapítás.<br>Az információrobbanás kontrollálatlanságában észre sem vesszük a fiatalok kísértéseit.<br>Ebben az életkorban, ahol a hit, hivatás és hitves kérdéseiben életre szóló döntéseket kell meghozniuk Istennek vannak válaszai.</p>



<p>Így szervezzük az alábbi alkalmakat:</p>



<p><strong>Konfirmációi alkalmak</strong><br>       I. évfolyam, kedden délután fél 4-kor, II. évfolyam, szerdán délután 4-kor</p>



<p><strong>Ifiórák korcsoportokban</strong> a konfirmáció utáni korosztálynak pénteken este 6 órakor</p>



<p><strong>Fiatal felnőttek köre</strong> – 2 házicsoportban&nbsp;&nbsp;&nbsp;&nbsp;&nbsp;</p>



<p><strong>Cserkészet szombaton</strong> délután 2-kor.</p>



<p><strong>Csendeshétvégék</strong> az év közben.</p>



<p><strong>Nyári tábor</strong></p>

<p>„Önmagát ítéli halálra az az egyház, mely ifjúságának nevelését másokra bízza” (Makkai Sándor) Még inkább hangsúlyossá válik korunkban ez a több évtizede megfogalmazott megállapítás.Az információrobbanás kontrollálatlanságában észre sem vesszük a fiatalok kísértéseit.Ebben az életkorban, ahol a hit, hivatás és hitves kérdéseiben életre szóló döntéseket kell meghozniuk Istennek vannak válaszai. Így szervezzük az alábbi alkalmakat: Konfirmációi &#8230; <span class="more"><a class="more-link" href="https://monornt.reformatus.hu/index.php/fiatalok-reszere/">[Read more&#8230;]</a></span></p>
