{"id":251,"date":"2021-02-09T07:38:01","date_gmt":"2021-02-09T07:38:01","guid":{"rendered":"https:\/\/monornt.reformatus.hu\/wordpress\/?page_id=251"},"modified":"2022-01-19T07:35:22","modified_gmt":"2022-01-19T07:35:22","slug":"gyermekek-reszere","status":"publish","type":"page","link":"https:\/\/monornt.reformatus.hu\/index.php\/gyermekek-reszere\/","title":{"rendered":"Gyermekek r\u00e9sz\u00e9re"},"content":{"rendered":"\n<p><strong>Hittanoktat\u00e1s<\/strong><br>minden monori k\u00f6zoktat\u00e1si int\u00e9zm\u00e9nyben (\u00f3vod\u00e1kt\u00f3l a gimn\u00e1ziumig) tan\u00e9v eg\u00e9sz ideje alatt \u00f3rarendbe \u00e9p\u00edtve.<br>Fontosnak tartjuk, hogy ne az int\u00e9zm\u00e9nyekhez k\u00f6t\u0151d\u0151en halljanak a gyermekek Isten szeretet\u00e9r\u0151l, szabad\u00edt\u00e1s\u00e1nak j\u00f3 h\u00edr\u00e9r\u0151l, hanem a hittanoktat\u00e1s folytonoss\u00e1g\u00e1ban tal\u00e1lj\u00e1k meg hely\u00fcket a gy\u00fclekezeti korcsoportos alkalmakon is.<br>Ez\u00e9rt szervezz\u00fck sz\u00e1mukra az al\u00e1bbiakat:<\/p>\n\n\n\n<p><br><strong>Gyermekistentiszteletek<br><\/strong>vas\u00e1rnap d\u00e9lel\u0151tt 10 \u00f3rakor, a feln\u0151tt istentisztelettel p\u00e1rhuzamosan 4 korcsoportban.<em><br>\u00a0<\/em><\/p>\n\n\n\n<p><strong>Gyermekmeg\u0151rz\u00e9s<br><\/strong>a vas\u00e1rnap d\u00e9lel\u0151tti istentiszteletekkel p\u00e1rhuzamosan. <\/p>\n\n\n\n<p><strong>J\u00e1tsz\u00f3h\u00e1zak<\/strong><br>\u00e9vente 4 alkalommal. <\/p>\n\n\n\n<p><strong>Ny\u00e1ron t\u00e1borok<\/strong><\/p>\n","protected":false},"excerpt":{"rendered":"<p>Hittanoktat\u00e1sminden monori k\u00f6zoktat\u00e1si int\u00e9zm\u00e9nyben (\u00f3vod\u00e1kt\u00f3l a gimn\u00e1ziumig) tan\u00e9v eg\u00e9sz ideje alatt \u00f3rarendbe \u00e9p\u00edtve.Fontosnak tartjuk, hogy ne az int\u00e9zm\u00e9nyekhez k\u00f6t\u0151d\u0151en halljanak a gyermekek Isten szeretet\u00e9r\u0151l, szabad\u00edt\u00e1s\u00e1nak j\u00f3 h\u00edr\u00e9r\u0151l, hanem a hittanoktat\u00e1s folytonoss\u00e1g\u00e1ban tal\u00e1lj\u00e1k meg hely\u00fcket a gy\u00fclekezeti korcsoportos alkalmakon is.Ez\u00e9rt szervezz\u00fck sz\u00e1mukra az al\u00e1bbiakat: Gyermekistentiszteletekvas\u00e1rnap d\u00e9lel\u0151tt 10 \u00f3rakor, a feln\u0151tt istentisztelettel p\u00e1rhuzamosan 4 korcsoportban.\u00a0 Gyermekmeg\u0151rz\u00e9sa vas\u00e1rnap &#8230; <span class=\"more\"><a class=\"more-link\" href=\"https:\/\/monornt.reformatus.hu\/index.php\/gyermekek-reszere\/\">[Read more&#8230;]<\/a><\/span><\/p>\n","protected":false},"author":1,"featured_media":0,"parent":0,"menu_order":0,"comment_status":"closed","ping_status":"closed","template":"","meta":{"_monsterinsights_skip_tracking":false,"_monsterinsights_sitenote_active":false,"_monsterinsights_sitenote_note":"","_monsterinsights_sitenote_category":0,"footnotes":""},"class_list":["entry","page","publish","author-monornt","post-251"],"jetpack_sharing_enabled":true,"_links":{"self":[{"href":"https:\/\/monornt.reformatus.hu\/index.php\/wp-json\/wp\/v2\/pages\/251","targetHints":{"allow":["GET"]}}],"collection":[{"href":"https:\/\/monornt.reformatus.hu\/index.php\/wp-json\/wp\/v2\/pages"}],"about":[{"href":"https:\/\/monornt.reformatus.hu\/index.php\/wp-json\/wp\/v2\/types\/page"}],"author":[{"embeddable":true,"href":"https:\/\/monornt.reformatus.hu\/index.php\/wp-json\/wp\/v2\/users\/1"}],"replies":[{"embeddable":true,"href":"https:\/\/monornt.reformatus.hu\/index.php\/wp-json\/wp\/v2\/comments?post=251"}],"version-history":[{"count":4,"href":"https:\/\/monornt.reformatus.hu\/index.php\/wp-json\/wp\/v2\/pages\/251\/revisions"}],"predecessor-version":[{"id":408,"href":"https:\/\/monornt.reformatus.hu\/index.php\/wp-json\/wp\/v2\/pages\/251\/revisions\/408"}],"wp:attachment":[{"href":"https:\/\/monornt.reformatus.hu\/index.php\/wp-json\/wp\/v2\/media?parent=251"}],"curies":[{"name":"wp","href":"https:\/\/api.w.org\/{rel}","templated":true}]}}

Gyermekek részére

<p><strong>Hittanoktatás</strong><br>minden monori közoktatási intézményben (óvodáktól a gimnáziumig) tanév egész ideje alatt órarendbe építve.<br>Fontosnak tartjuk, hogy ne az intézményekhez kötődően halljanak a gyermekek Isten szeretetéről, szabadításának jó híréről, hanem a hittanoktatás folytonosságában találják meg helyüket a gyülekezeti korcsoportos alkalmakon is.<br>Ezért szervezzük számukra az alábbiakat:</p>



<p><br><strong>Gyermekistentiszteletek<br></strong>vasárnap délelőtt 10 órakor, a felnőtt istentisztelettel párhuzamosan 4 korcsoportban.<em><br> </em></p>



<p><strong>Gyermekmegőrzés<br></strong>a vasárnap délelőtti istentiszteletekkel párhuzamosan. </p>



<p><strong>Játszóházak</strong><br>évente 4 alkalommal. </p>



<p><strong>Nyáron táborok</strong></p>

<p>Hittanoktatásminden monori közoktatási intézményben (óvodáktól a gimnáziumig) tanév egész ideje alatt órarendbe építve.Fontosnak tartjuk, hogy ne az intézményekhez kötődően halljanak a gyermekek Isten szeretetéről, szabadításának jó híréről, hanem a hittanoktatás folytonosságában találják meg helyüket a gyülekezeti korcsoportos alkalmakon is.Ezért szervezzük számukra az alábbiakat: Gyermekistentiszteletekvasárnap délelőtt 10 órakor, a felnőtt istentisztelettel párhuzamosan 4 korcsoportban.  Gyermekmegőrzésa vasárnap &#8230; <span class="more"><a class="more-link" href="https://monornt.reformatus.hu/index.php/gyermekek-reszere/">[Read more&#8230;]</a></span></p>
